es 13 divide 78?
True
Does 4 divide 300?
True
Is 2115 a multiple of 15?
True
Does 31 divide 26540?
False
Is 1360 a multiple of 8?
True
Is 115 a factor of 1977?
False
Does 144 divide 26352?
True
Is 42 a factor of 849?
False
Is 2364 a multiple of 47?
False
Is 6818 a multiple of 88?
False
Is 147 a multiple of 3?
True
Is 84996 a multiple of 12?
True
Does 6 divide 621?
False
Is 5147 a multiple of 21?
False
Does 33 divide 1677?
False
Does 5 divide 325?
True
Is 8 a factor of 400?
True
Does 2 divide 518?
True
Does 3 divide 200?
False
Is 4388 a multiple of 40?
False
Is 765 a multiple of 51?
True
Is 12948 a multiple of 30?
False
Does 45 divide 2835?
True
Does 22 divide 1672?
True
Is 270 a multiple of 30?
True
Is 1968 a multiple of 41?
True
Does 129 divide 2739?
False
Does 90 divide 5940?
True
Is 3 a factor of 6?
True
Does 119 divide 18683?
True
Is 1757 a multiple of 3?
False
Does 21 divide 521?
False
Does 22 divide 2926?
True
Is 3942 a multiple of 72?
False
Does 5 divide 2325?
True
Does 13 divide 9029?
False
Does 22 divide 108?
False
Is 64 a factor of 320?
True
Does 11 divide 6593?
False
Is 52 a factor of 40676?
False
Is 120 a multiple of 20?
True
Does 18 divide 178776?
True
Is 13 a factor of 15319?
False
Does 219 divide 30947?
False
Is 48 a factor of 127?
False
Is 5 a factor of 92?
False
Is 236 a multiple of 8?
False
Does 8 divide 1071?
False
Is 13 a factor of 555?
False
Is 251 a multiple of 7?
False
Is 147 a multiple of 13?
False
Is 4 a factor of 584?
True
Is 2670 a multiple of 11?
False
Does 24 divide 1584?
True
Does 52 divide 12660?
False
Is 2 a factor of 8?
True
Is 20 a factor of 660?
True
Does 78 divide 16926?
True
Does 13 divide 2331?
False
Is 10 a factor of 330?
True
Does 29 divide 356?
False
Is 9 a factor of 1560?
False
Is 17 a factor of 22382?
False
Is 2393 a multiple of 52?
False
Is 12263 a multiple of 26?
False
Is 7696 a multiple of 51?
False
Is 320 a multiple of 40?
True
Does 71 divide 24247?
False
Is 13 a factor of 12217?
False
Does 25 divide 3491?
False
Is 8 a factor of 1257?
False
Is 8 a factor of 20038?
False
Is 21 a factor of 45512?
False
Is 119 a multiple of 4?
False
Does 24 divide 13817?
False
Does 9 divide 11871?
True
Is 32 a factor of 2784?
True
Is 5928 a multiple of 52?
True
Is 149 a factor of 4765?
False
Does 16 divide 2848?
True
Is 26394 a multiple of 159?
True
Is 100 a factor of 12721?
False
Is 9 a factor of 506?
False
Is 6 a factor of 264?
True
Is 10 a factor of 527?
False
Is 641 a multiple of 9?
False
Is 16774 a multiple of 62?
False
Is 3008 a multiple of 32?
True
Is 3 a factor of 285?
True
Is 2022 a multiple of 34?
False
Is 13 a factor of 11771?
False
Is 173 a factor of 2941?
True
Is 266 a multiple of 16?
False
Is 8733 a multiple of 13?
False
Does 42 divide 3738?
True
Does 94 divide 21902?
True
Is 56 a factor of 5096?
True
Does 11 divide 31108?
True
Is 208 a multiple of 27?
False
Is 3 a factor of 21663?
True
Is 28 a factor of 255?
False
Does 5 divide 7806?
False
Does 9 divide 5715?
True
Is 48808 a multiple of 36?
False
Does 25 divide 375?
True
Is 3 a factor of 3119?
False
Does 3 divide 30?
True
Is 108 a factor of 987?
False
Is 4626 a multiple of 105?
False
Does 15 divide 8938?
False
Does 23 divide 46633?
False
Is 3 a factor of 1190?
False
Is 8200 a multiple of 20?
True
Does 4 divide 845?
False
Does 30 divide 15898?
False
Is 24 a multiple of 8?
True
Does 42 divide 7952?
False
Is 57 a multiple of 19?
True
Is 1511 a multiple of 35?
False
Is 22140 a multiple of 15?
True
Is 134 a factor of 21574?
True
Does 54 divide 619?
False
Is 44 a factor of 4692?
False
Is 121 a factor of 9520?
False
Is 23605 a multiple of 49?
False
Is 3120 a multiple of 48?
True
Is 737 a multiple of 67?
True
Is 137 a multiple of 6?
False
Is 23 a factor of 18501?
False
Is 7 a factor of 243?
False
Is 5 a factor of 2926?
False
Is 9 a factor of 6768?
True
Does 26 divide 13052?
True
Is 12240 a multiple of 15?
True
Is 630 a multiple of 18?
True
Is 8 a factor of 559?
False
Is 18 a factor of 882?
True
Is 809 a multiple of 12?
False
Is 81 a factor of 12150?
True
Is 34 a factor of 68?
True
Does 19 divide 1033?
False
Is 15965 a multiple of 120?
False
Does 4 divide 7975?
False
Is 1652 a multiple of 14?
True
Does 14 divide 161?
False
Is 10 a factor of 36850?
True
Is 3519 a multiple of 69?
True
Is 676 a multiple of 75?
False
Is 2131 a multiple of 5?
False
Is 63 a factor of 25326?
True
Is 2576 a multiple of 16?
True
Does 54 divide 47250?
True
Is 19 a factor of 931?
True
Is 15 a factor of 660?
True
Does 16 divide 30848?
True
Is 83187 a multiple of 39?
True
Is 9 a factor of 4215?
False
Does 4 divide 688?
True
Is 39324 a multiple of 12?
True
Does 2 divide 336?
True
Is 59 a factor of 15160?
False
Does 4 divide 37824?
True
Does 22 divide 728?
False
Is 77 a factor of 2349?
False
Is 41 a factor of 12833?
True
Does 6 divide 270?
True
Is 13 a factor of 338?
True
Is 2486 a multiple of 113?
True
Is 37 a factor of 623?
False
Is 232 a multiple of 26?
False
Does 31 divide 14973?
True
Does 20 divide 13318?
False
Is 2 a factor of 258?
True
Is 339 a factor of 28815?
True
Is 182 a multiple of 91?
True
Is 1105 a multiple of 5?
True
Is 944 a multiple of 59?
True
Does 42 divide 168?
True
Is 11 a factor of 2585?
True
Is 3 a factor of 282?
True
Does 29 divide 21083?
True
Does 2 divide 228?
True
Does 168 divide 7175?
False
Is 740 a multiple of 20?
True
Is 504 a multiple of 8?
True
Is 7 a factor of 1339?
False
Is 105 a factor of 2151?
False
Does 80 divide 1600?
True
Is 15 a factor of 778?
False
Does 26 divide 2600?
True
Is 209 a multiple of 3?
False
Is 17 a factor of 81?
False
Is 14 a factor of 1755?
False
Does 25 divide 46951?
False
Does 6 divide 2110?
False
Is 8371 a multiple of 11?
True
Does 33 divide 858?
True
Is 1419 a multiple of 33?
True
Is 7 a factor of 399?
True
Does 21 divide 8736?
True
Does 5 divide 1005?
True
Is 40 a multiple of 4?
True
Is 5375 a multiple of 12?
False
Is 62 a factor of 21452?
True
Does 8 divide 4296?
True
Is 1503 a multiple of 24?
False
Is 105 a multiple of 9?
False
Is 187 a multiple of 17?
True
Does 44 divide 2584?
False
Is 9 a factor of 765?
True
Is 8160 a multiple of 32?
True
Is 126 a factor of 30122?
False
Does 32 divide 1187?
False
Is 840 a multiple of 21?
True
Is 1942 a multiple of 50?
False
Is 4 a factor of 62?
False
Does 33 divide 101?
False
Does 4 divide 3420?
True
Is 2046 a multiple of 23?
False
Does 107 divide 1700?
False
Is 5733 a multiple of 63?
True
Is 33 a factor of 10007?
False
Is 8132 a multiple of 214?
True
Is 2262 a multiple of 7?
False
Is 8 a factor of 1192?
True
Is 14 a factor of 476?
True
Is 151 a factor of 21715?
False
Is 192 a factor of 12564?
False
Is 65 a factor of 130?
True
Is 13510 a multiple of 20?
False
Is 153 a factor of 70265?
False
Is 86 a factor of 4472?
True
Is 42 a multiple of 7?
True
Does 106 divide 8374?
True
Is 8 a factor of 9147?
False
Is 1701 a multiple of 63?
True
Is 4935 a multiple of 21?
True
Is 48600 a multiple of 360?
True
Does 65 divide 8033?
False
Does 124 divide 41912?
True
Does 97 divide 50824?
False
Is 10 a factor of 460?
True
Does 12 divide 38938?
False
Is 82 a factor of 246?
True
Is 14880 a multiple of 31?
True
Does 30 divide 7567?
False
Is 25 a factor of 13450?
True
Is 18 a multiple of 11?
False
Is 9 a factor of 1374?
False
Does 326 divide 38722?
False
Does 6 divide 216?
True
Is 1456 a multiple of 104?
True
Is 4450 a multiple of 135?
False
Is 368 a multiple of 46?
True
Is 2697 a multiple of 31?
True
Does 3 divide 11949?
True
Is 16 a factor of 4288?
True
Does 8 divide 133?
False
Is 383 a factor of 100346?
True
Is 4521 a multiple of 137?
True
Is 5554 a multiple of 11?
False
Is 36820 a multiple of 7?
True
Does 5 divide 645?
True
Is 2461 a multiple of 16?
False
Does 4 divide 10977?
False
Is 17 a factor of 187?
True
Is 2937 a multiple of 33?
True
Is 9 a factor of 2489?
False
Is 15 a factor of 30542?
False
Does 3 divide 12678?
True
Is 1697 a multiple of 58?
False
Does 7 divide 5453?
True
Is 52 a factor of 384?
False
Does 6 divide 168?
True
Is 16516 a multiple of 201?
False
Is 22 a factor of 4679?
False
Is 51 a multiple of 51?
True
Is 104 a factor of 15406?
False
Is 19 a factor of 247?
True
Is 9416 a multiple of 22?
True
Is 63 a factor of 2016?
True
Does 24 divide 19794?
False
Is 4744 a multiple of 2?
True
Is 5562 a mu